
-7
-210 (base 5) to base 16
-37
Convert 0 (base 12) to base 9.
0
-49 (base 12) to base 13
-45
Convert 0 (base 8) to base 14.
0
Convert 15c (base 13) to base 14.
138
3 (base 6) to base 8
3
1 (base 13) to base 5
1
Convert -1 (base 15) to base 6.
-1
What is 6 (base 7) in base 10?
6
-2 (base 14) to base 9
-2
Convert 1 (base 8) to base 11.
1
What is 72 (base 13) in base 10?
93
Convert -1231 (base 5) to base 15.
-cb
-4 (base 12) to base 14
-4
What is 13 (base 7) in base 10?
10
What is 24 (base 12) in base 13?
22
Convert -1011 (base 2) to base 11.
-10
What is 142 (base 6) in base 5?
222
Convert 7 (base 13) to base 4.
13
What is 15 (base 13) in base 4?
102
-3 (base 6) to base 3
-10
Convert 11 (base 13) to base 5.
24
Convert -73 (base 16) to base 11.
-a5
Convert -11110 (base 2) to base 4.
-132
10 (base 2) to base 10
2
3 (base 6) to base 4
3
What is 3 (base 9) in base 3?
10
What is 40 (base 8) in base 15?
22
17 (base 11) to base 4
102
What is 11 (base 10) in base 3?
102
What is 62 (base 16) in base 13?
77
Convert 35 (base 14) to base 9.
52
13 (base 5) to base 2
1000
What is 3 (base 16) in base 2?
11
1 (base 10) to base 13
1
Convert 1111 (base 2) to base 15.
10
Convert 6 (base 7) to base 15.
6
-130 (base 4) to base 7
-40
Convert 133 (base 5) to base 2.
101011
Convert -101 (base 2) to base 7.
-5
6 (base 11) to base 3
20
-1212 (base 3) to base 2
-110010
Convert 103 (base 10) to base 15.
6d
What is -10 (base 5) in base 6?
-5
What is -11 (base 10) in base 2?
-1011
What is -1 (base 11) in base 14?
-1
What is -1 (base 11) in base 7?
-1
Convert -35 (base 7) to base 14.
-1c
What is 49 (base 11) in base 7?
104
What is 167 (base 13) in base 10?
254
2 (base 13) to base 12
2
Convert 46 (base 9) to base 2.
101010
Convert 4 (base 6) to base 5.
4
What is 10111 (base 2) in base 5?
43
Convert -13 (base 9) to base 8.
-14
5 (base 13) to base 8
5
What is 0 (base 12) in base 9?
0
2 (base 7) to base 8
2
Convert -2 (base 7) to base 4.
-2
What is a1 (base 12) in base 6?
321
Convert -1011 (base 5) to base 3.
-11212
234 (base 7) to base 6
323
What is -2010 (base 3) in base 11?
-52
Convert 0 (base 13) to base 9.
0
f (base 16) to base 6
23
Convert 0 (base 3) to base 12.
0
What is -124 (base 15) in base 5?
-2014
What is 2 (base 5) in base 4?
2
What is -3 (base 4) in base 6?
-3
Convert 11 (base 13) to base 9.
15
b (base 12) to base 6
15
Convert 2 (base 4) to base 14.
2
-42 (base 6) to base 10
-26
What is 4 (base 16) in base 7?
4
What is 3 (base 4) in base 11?
3
-19 (base 16) to base 14
-1b
What is 73 (base 10) in base 6?
201
-5 (base 6) to base 9
-5
What is 88 (base 13) in base 14?
80
-504 (base 6) to base 7
-352
What is -93 (base 11) in base 16?
-66
-1332 (base 4) to base 15
-86
What is 1 (base 5) in base 4?
1
What is 6 (base 15) in base 10?
6
-4 (base 8) to base 9
-4
-7 (base 8) to base 5
-12
Convert 16 (base 11) to base 7.
23
What is 21 (base 5) in base 2?
1011
Convert 10001 (base 2) to base 8.
21
b (base 13) to base 7
14
Convert -1 (base 6) to base 14.
-1
Convert -23 (base 4) to base 14.
-b
-2 (base 15) to base 5
-2
What is -75 (base 16) in base 3?
-11100
Convert -111 (base 5) to base 10.
-31
-110 (base 2) to base 4
-12
Convert 9 (base 13) to base 6.
13
Convert 6 (base 16) to base 13.
6
635 (base 7) to base 4
11000
Convert -4 (base 6) to base 14.
-4
22 (base 6) to base 14
10
What is -b (base 12) in base 11?
-10
-142 (base 5) to base 9
-52
What is 9 (base 12) in base 7?
12
Convert -141 (base 8) to base 5.
-342
3 (base 9) to base 12
3
22 (base 4) to base 6
14
34 (base 5) to base 16
13
111 (base 8) to base 11
67
3 (base 14) to base 8
3
What is 101 (base 9) in base 3?
10001
Convert -1021 (base 4) to base 7.
-133
1135 (base 7) to base 15
1cd
Convert 21 (base 12) to base 10.
25
2 (base 13) to base 4
2
19 (base 16) to base 8
31
Convert -19 (base 10) to base 14.
-15
What is 1 (base 3) in base 2?
1
-31 (base 6) to base 8
-23
1 (base 11) to base 14
1
What is -23 (base 9) in base 2?
-10101
Convert -a (base 16) to base 5.
-20
Convert 10 (base 3) to base 8.
3
What is 24 (base 5) in base 10?
14
What is -12 (base 3) in base 11?
-5
-1 (base 9) to base 8
-1
Convert -1110 (base 2) to base 4.
-32
What is 1 (base 2) in base 7?
1
What is -63 (base 12) in base 13?
-5a
Convert 1 (base 5) to base 13.
1
-5 (base 7) to base 15
-5
What is 2 (base 5) in base 2?
10
15 (base 6) to base 3
102
-27 (base 8) to base 11
-21
101 (base 3) to base 8
12
Convert 5 (base 6) to base 4.
11
What is -1 (base 13) in base 7?
-1
-1111 (base 4) to base 7
-151
-122 (base 8) to base 10
-82
What is 5 (base 11) in base 13?
5
What is -1 (base 7) in base 12?
-1
-6 (base 8) to base 5
-11
What is 0 (base 11) in base 7?
0
What is -3 (base 15) in base 8?
-3
24 (base 8) to base 10
20
Convert -424 (base 6) to base 15.
-aa
What is 2 (base 6) in base 3?
2
What is 33 (base 9) in base 8?
36
Convert 11 (base 2) to base 8.
3
11 (base 2) to base 14
3
-6 (base 15) to base 9
-6
-120 (base 4) to base 12
-20
What is -100001 (base 2) in base 7?
-45
-141 (base 5) to base 9
-51
Convert -231 (base 6) to base 8.
-133
-10110 (base 2) to base 11
-20
What is -40 (base 5) in base 10?
-20
Convert 2 (base 3) to base 4.
2
-211 (base 9) to base 12
-124
46 (base 9) to base 13
33
Convert 112 (base 3) to base 8.
16
78 (base 9) to base 10
71
-214 (base 7) to base 9
-131
7 (base 11) to base 12
7
What is 6 (base 16) in base 6?
10
12 (base 7) to base 16
9
Convert -5 (base 12) to base 11.
-5
What is 321 (base 4) in base 15?
3c
Convert -2 (base 12) to base 4.
-2
2c (base 13) to base 10
38
Convert 9a (base 16) to base 13.
bb
Convert 0 (base 5) to base 8.
0
What is 1100 (base 3) in base 5?
121
1 (base 2) to base 5
1
What is 2110 (base 3) in base 6?
150
Convert 1101 (base 2) to base 9.
14
Convert -444 (base 5) to base 12.
-a4
What is 204 (base 5) in base 3?
2000
1 (base 16) to base 5
1
What is 26 (base 7) in base 2?
10100
Convert 4 (base 16) to base 3.
11
Convert -11 (base 10) to base 4.
-23
What is -4 (base 8) in base 5?
-4
-12 (base 7) to base 4
-21
What is 1022 (base 3) in base 15?
25
-21 (base 8) to base 9
-18
Convert -50 (base 8) to base 5.
-130
What is -43 (base 9) in base 11?
-36
Convert 3a (base 15) to base 16.
37
What is 4 (base 11) in base 8?
4
Convert -26 (base 13) to base 14.
-24
Convert 7 (base 8) to base 6.
11
What is 2 (base 6) in base 5?
2
-111 (base 4) to base 14
-17
13 (base 7) to base 11
a
131 (base 7) to base 3
2122
Convert 0 (base 9) to base 15.
0
Convert 23 (base 14) to base 6.
51
Convert 43 (base 5) to base 9.
25
What is -3 (base 12) in base 3?
-10
What is 2 (base 15) in base 5?
2
What is -10 (base 4) in base 8?
-4
What is 2111 (base 3) in base 16?
43
Convert c (base 14) to base 11.
11
1 (base 7) to base 10
1
Convert 3 (base 10) to base 8.
3
What is -2 (base 13) in base 5?
-2
Convert -23 (base 8) to base 13.
-16
Convert 0 (base 5) to base 7.
0
What is 1001 (base 4) in base 5?
230
8 (base 11) to base 2
1000
Convert -1 (base 5) to base 6.
-1
52 (base 12) to base 11
57
What is 14 (base 5) in base 7?
12
What is -551 (base 7) in base 10?
-281
Convert 23 (base 9) to base 8.
25
Convert 7 (base 14) to base 7.
10
What is -3 (base 5) in base 9?
-3
-3 (base 16) to base 7
-3
Convert -2 (base 16) to base 10.
-2
What is -304 (base 5) in base 15?
-54
What is 22 (base 13) in base 15?
1d
2 (base 15) to base 3
2
What is 3 (base 9) in base 6?
3
Convert 11 (base 16) to base 13.
14
What is -18 (base 12) in base 10?
-20
Convert 31 (base 4) to base 3.
111
What is 172 (base 11) in base 12?
148
Convert -40 (base 12) to base 14.
-36
-65 (base 10) to base 8
-101
3 (base 8) to base 9
3
What is 133 (base 5) in base 13?
34
What is 15 (base 10) in base 6?
23
What is 0 (base 15) in base 12?
0
Convert 14 (base 14) to base 12.
16
-55 (base 12) to base 7
-122
Convert 5 (base 10) to base 13.
5
Convert -160 (base 16) to base 8.
-540
Convert -a (base 14) to base 7.
-13
What is 100110 (base 2) in base 7?
53
What is 5 (base 14) in base 9?
5
10001111 (base 2) to base 3
12022
What is 21 (base 11) in base 14?
19
-5 (base 12) to base 11
-5
-113 (base 4) to base 11
-21
Convert 142 (base 11) to base 4.
2213
Convert -204 (base 5) to base 11.
-4a
c7 (base 16) to base 10
199
2 (base 7) to base 8
2
Convert 111 (base 2) to base 11.
7
Convert 10 (base 8) to base 2.
1000
-100 (base 5) to base 16
-1